he prime factors of 5172215?
5, 1034443
What are the prime factors of 9167851?
7, 11, 73, 233
List the prime factors of 439077.
3, 146359
List the prime factors of 128332.
2, 32083
List the prime factors of 93290.
2, 5, 19, 491
What are the prime factors of 1983897?
3, 137, 1609
List the prime factors of 26002.
2, 13001
What are the prime factors of 24473374?
2, 12236687
What are the prime factors of 198520?
2, 5, 7, 709
What are the prime factors of 83146?
2, 7, 5939
List the prime factors of 5502665.
5, 7, 157219
List the prime factors of 113749.
113749
List the prime factors of 14157836.
2, 7, 11, 43, 1069
What are the prime factors of 89732?
2, 22433
What are the prime factors of 85202?
2, 13, 29, 113
List the prime factors of 225014.
2, 112507
What are the prime factors of 173422?
2, 86711
What are the prime factors of 907984?
2, 7, 11, 67
List the prime factors of 802124.
2, 41, 67, 73
List the prime factors of 795312.
2, 3, 7, 263
What are the prime factors of 3449063?
3449063
What are the prime factors of 3171138?
2, 3, 19, 27817
List the prime factors of 189761.
11, 13, 1327
What are the prime factors of 226704?
2, 3, 4723
List the prime factors of 148800.
2, 3, 5, 31
What are the prime factors of 37772299?
37772299
List the prime factors of 1010969.
29, 71, 491
List the prime factors of 15189334.
2, 7594667
What are the prime factors of 193434?
2, 3, 103, 313
List the prime factors of 3898852.
2, 974713
List the prime factors of 122354.
2, 131, 467
What are the prime factors of 591482?
2, 37, 7993
List the prime factors of 9629067.
3, 7, 19, 24133
What are the prime factors of 20889?
3, 11, 211
List the prime factors of 2557912.
2, 7, 45677
What are the prime factors of 10048060?
2, 5, 11, 45673
List the prime factors of 2040660.
2, 3, 5, 3779
List the prime factors of 2576.
2, 7, 23
List the prime factors of 420958.
2, 109, 1931
What are the prime factors of 5892935?
5, 43, 27409
What are the prime factors of 463062?
2, 3, 71, 1087
What are the prime factors of 1935427?
13, 23, 6473
List the prime factors of 206553.
3, 31, 2221
What are the prime factors of 120313?
23, 5231
List the prime factors of 1793436.
2, 3, 103, 1451
What are the prime factors of 28733163?
3, 109, 87869
What are the prime factors of 20694271?
13, 97, 16411
What are the prime factors of 16888?
2, 2111
List the prime factors of 14679702.
2, 3, 815539
What are the prime factors of 17392178?
2, 31, 9049
What are the prime factors of 11440787?
47, 243421
List the prime factors of 5941449.
3, 17, 38833
What are the prime factors of 68547?
3, 73, 313
What are the prime factors of 90628?
2, 139, 163
What are the prime factors of 247046?
2, 101, 1223
List the prime factors of 636661.
79, 8059
What are the prime factors of 44353?
17, 2609
What are the prime factors of 813681?
3, 11, 8219
List the prime factors of 534550.
2, 5, 10691
List the prime factors of 1657896.
2, 3, 37, 1867
What are the prime factors of 3655297?
137, 26681
What are the prime factors of 460338?
2, 3, 73, 1051
List the prime factors of 10149923.
7, 23, 2741
What are the prime factors of 2341306?
2, 11, 31, 3433
List the prime factors of 1074223.
1074223
What are the prime factors of 9366094?
2, 4683047
List the prime factors of 1953751.
19, 102829
List the prime factors of 3203548.
2, 17, 47111
List the prime factors of 2282236.
2, 11, 51869
List the prime factors of 2593262.
2, 7, 185233
List the prime factors of 510069.
3, 7, 107, 227
What are the prime factors of 8708037?
3, 13, 223283
What are the prime factors of 27418?
2, 13709
List the prime factors of 400408.
2, 50051
List the prime factors of 153722.
2, 101, 761
What are the prime factors of 328779?
3, 11, 41
What are the prime factors of 141292?
2, 35323
List the prime factors of 215898.
2, 3, 35983
What are the prime factors of 8425100?
2, 5, 173, 487
List the prime factors of 76835.
5, 11, 127
List the prime factors of 455705.
5, 91141
List the prime factors of 60356.
2, 79, 191
What are the prime factors of 13266908?
2, 1031, 3217
What are the prime factors of 1337452?
2, 334363
List the prime factors of 4060861.
7, 37, 15679
List the prime factors of 495724.
2, 123931
What are the prime factors of 1139042?
2, 383, 1487
List the prime factors of 79847.
79847
What are the prime factors of 1188433?
23, 163, 317
What are the prime factors of 208137?
3, 69379
What are the prime factors of 351214?
2, 67, 2621
List the prime factors of 191697.
3, 11, 37, 157
List the prime factors of 3669980.
2, 5, 183499
List the prime factors of 1368693.
3, 152077
List the prime factors of 488151.
3, 73, 743
List the prime factors of 6959933.
359, 19387
What are the prime factors of 1055822?
2, 43, 12277
What are the prime factors of 892262?
2, 7, 17, 23, 163
List the prime factors of 146269.
107, 1367
What are the prime factors of 1261202?
2, 673, 937
List the prime factors of 3171494.
2, 1585747
List the prime factors of 486756.
2, 3, 4507
List the prime factors of 43955396.
2, 31, 354479
List the prime factors of 148058.
2, 181, 409
List the prime factors of 186030.
2, 3, 5, 13, 53
List the prime factors of 940857.
3, 313619
What are the prime factors of 1158674?
2, 11, 52667
List the prime factors of 7293620.
2, 5, 67, 5443
What are the prime factors of 150469?
11, 13679
What are the prime factors of 14946?
2, 3, 47, 53
List the prime factors of 319494.
2, 3, 7, 7607
What are the prime factors of 429145?
5, 85829
List the prime factors of 4394813.
53, 101, 821
What are the prime factors of 5212403?
7, 19, 39191
List the prime factors of 255971.
255971
What are the prime factors of 2526215?
5, 41, 12323
What are the prime factors of 1267871?
11, 79, 1459
What are the prime factors of 256494?
2, 3, 7, 31, 197
What are the prime factors of 2314413?
3, 28573
List the prime factors of 3335344.
2, 208459
List the prime factors of 326775.
3, 5, 4357
What are the prime factors of 489477?
3, 167, 977
List the prime factors of 407643.
3, 17, 7993
What are the prime factors of 2708811?
3, 7, 19, 31, 73
What are the prime factors of 362822?
2, 37, 4903
List the prime factors of 937023.
3, 17, 19, 967
What are the prime factors of 969422?
2, 47, 10313
What are the prime factors of 210438?
2, 3, 433
List the prime factors of 294894.
2, 3, 43, 127
List the prime factors of 32604.
2, 3, 11, 13, 19
List the prime factors of 16577967.
3, 7, 487, 1621
What are the prime factors of 26469?
3, 17, 173
List the prime factors of 6724465.
5, 11, 122263
What are the prime factors of 477986?
2, 23, 10391
What are the prime factors of 39438?
2, 3, 7, 313
List the prime factors of 130865.
5, 7, 3739
What are the prime factors of 11244776?
2, 1405597
What are the prime factors of 398941?
398941
What are the prime factors of 1551273?
3, 517091
List the prime factors of 4465999.
1459, 3061
List the prime factors of 852978.
2, 3, 7, 23, 883
What are the prime factors of 142825?
5, 29, 197
List the prime factors of 241395.
3, 5, 7, 11, 19
List the prime factors of 282506.
2, 7, 17, 1187
List the prime factors of 5568193.
5568193
What are the prime factors of 3259629?
3, 23, 29, 181
List the prime factors of 9374648.
2, 31, 103, 367
List the prime factors of 62853.
3, 7, 41, 73
What are the prime factors of 243096?
2, 3, 7, 1447
What are the prime factors of 2525281?
11, 173, 1327
List the prime factors of 1823898.
2, 3, 303983
List the prime factors of 784784.
2, 7, 11, 13
What are the prime factors of 1785552?
2, 3, 37199
List the prime factors of 3335771.
3335771
What are the prime factors of 539489?
199, 2711
What are the prime factors of 4777847?
37, 139, 929
What are the prime factors of 239829?
3, 79943
What are the prime factors of 852649?
7, 17401
What are the prime factors of 240762?
2, 3, 40127
List the prime factors of 11479745.
5, 2295949
List the prime factors of 16064812.
2, 4016203
List the prime factors of 212659.
109, 1951
What are the prime factors of 29295?
3, 5, 7, 31
What are the prime factors of 3850245?
3, 5, 7, 17, 719
What are the prime factors of 879096?
2, 3, 36629
What are the prime factors of 856924?
2, 283, 757
What are the prime factors of 36185?
5, 7237
List the prime factors of 239704.
2, 19, 83
What are the prime factors of 6131601?
3, 7, 97327
